{"id":119,"date":"2020-04-20T19:29:56","date_gmt":"2020-04-20T18:29:56","guid":{"rendered":"https:\/\/www.scrapbook.allmermaids.top\/?post_type=product&#038;p=119"},"modified":"2020-05-01T10:48:03","modified_gmt":"2020-05-01T09:48:03","slug":"kit-de-separadores-3-y-5mm-para-tapas","status":"publish","type":"product","link":"https:\/\/www.scrapbook.allmermaids.top\/?product=kit-de-separadores-3-y-5mm-para-tapas","title":{"rendered":"Kit de separadores 3 y 5mm para tapas"},"content":{"rendered":"","protected":false},"excerpt":{"rendered":"<p>Estas plantillas permiten encolar tapas y forros respetando la separaci\u00f3n necesaria con respecto al lomo para poder cerrar posteriormente el libro.<\/p>\n<p>El kit incluye dos plantillas de 3 y 5mm, para poder separar tapas y lomo con tapas de 2 y 3mm.<\/p>\n<p>Dimensiones:<\/p>\n<ul>\n<li>Alto: 3mm<\/li>\n<li>Ancho: 5mm<\/li>\n<li>Fondo: 160mm<\/li>\n<\/ul>\n<p>Este producto se puede personalizar para larguras y espesores o a\u00f1adir alg\u00fan detalle personal, contacta con nosotros para m\u00e1s informaci\u00f3n.<\/p>\n<p>Todos nuestros productos est\u00e1n impresos en PLA , un pl\u00e1stico <strong>BIODEGRADABLE<\/strong> , <strong>COMPOSTABLE\u00a0<\/strong> y <strong>NO T\u00d3XICO <\/strong>hecho de almid\u00f3n de ma\u00edz o ca\u00f1a de az\u00facar.<\/p>\n","protected":false},"featured_media":128,"comment_status":"open","ping_status":"closed","template":"","meta":[],"_links":{"self":[{"href":"https:\/\/www.scrapbook.allmermaids.top\/index.php?rest_route=\/wp\/v2\/product\/119"}],"collection":[{"href":"https:\/\/www.scrapbook.allmermaids.top\/index.php?rest_route=\/wp\/v2\/product"}],"about":[{"href":"https:\/\/www.scrapbook.allmermaids.top\/index.php?rest_route=\/wp\/v2\/types\/product"}],"replies":[{"embeddable":true,"href":"https:\/\/www.scrapbook.allmermaids.top\/index.php?rest_route=%2Fwp%2Fv2%2Fcomments&post=119"}],"wp:featuredmedia":[{"embeddable":true,"href":"https:\/\/www.scrapbook.allmermaids.top\/index.php?rest_route=\/wp\/v2\/media\/128"}],"wp:attachment":[{"href":"https:\/\/www.scrapbook.allmermaids.top\/index.php?rest_route=%2Fwp%2Fv2%2Fmedia&parent=119"}],"curies":[{"name":"wp","href":"https:\/\/api.w.org\/{rel}","templated":true}]}}